{"id":57,"date":"2013-04-11T18:38:52","date_gmt":"2013-04-11T16:38:52","guid":{"rendered":"http:\/\/www.negar-afghanwomen.org\/2\/?page_id=57"},"modified":"2023-10-24T19:03:47","modified_gmt":"2023-10-24T17:03:47","slug":"les-liens","status":"publish","type":"page","link":"https:\/\/www.negar-afghanwomen.org\/2\/40-2\/les-liens\/","title":{"rendered":"Les liens"},"content":{"rendered":"<table width=\"100%\" cellspacing=\"0\" cellpadding=\"0\" border=\"0\">\n<colgroup>\n<col width=\"256*\"\/> <\/colgroup>\n<tbody>\n<tr bgcolor=\"#e3e3e3\">\n<td width=\"100%\" height=\"20\"><a href=\"http:\/\/www.negar-afghanwomen.org\/index.php?option=com_weblinks&amp;task=view&amp;catid=2&amp;id=9\" target=\"_blank\" rel=\"noopener\">Caisse Centrale d&rsquo;Activit\u00e9s Sociales du Personnel des Industries Electrique et Gazi\u00e8re&nbsp;<\/a><br \/>\n8 rue de Rosny, 93104 MONTREUIL CEDEX<\/td>\n<\/tr>\n<tr>\n<td width=\"100%\" height=\"20\"><a href=\"http:\/\/www.negar-afghanwomen.org\/index.php?option=com_weblinks&amp;task=view&amp;catid=2&amp;id=3\" target=\"_blank\" rel=\"noopener\">Minist\u00e8re de l&rsquo;Education Nationale&nbsp;<\/a><br \/>\nFormation professionnelle, particuli\u00e8rement des jeunes filles et des jeunes femmes : En liaison avec les associations franco-afghanes telles que Afrane, Negar, Afghanistan libre<\/td>\n<\/tr>\n<tr bgcolor=\"#e3e3e3\">\n<td width=\"100%\" height=\"20\"><a href=\"http:\/\/www.negar-afghanwomen.org\/index.php?option=com_weblinks&amp;task=view&amp;catid=2&amp;id=5\" target=\"_blank\" rel=\"noopener\">Minist\u00e8re des Affaires Etrang\u00e8res&nbsp;<\/a><\/td>\n<\/tr>\n<tr>\n<td width=\"100%\" height=\"20\"><a href=\"http:\/\/www.negar-afghanwomen.org\/index.php?option=com_weblinks&amp;task=view&amp;catid=2&amp;id=8\" target=\"_blank\" rel=\"noopener\">CNIDFF&nbsp;<\/a><br \/>\nR\u00e9seau fran\u00e7ais des centres d&rsquo;informations sur les droits des femmes<\/td>\n<\/tr>\n<tr bgcolor=\"#e3e3e3\">\n<td width=\"100%\" height=\"20\"><a href=\"http:\/\/www.negar-afghanwomen.org\/index.php?option=com_weblinks&amp;task=view&amp;catid=2&amp;id=7\" target=\"_blank\" rel=\"noopener\">CADAC&nbsp;<\/a><br \/>\nCoordination des associations pour le droit \u00e0 l&rsquo;avortement et \u00e0 la contraception<\/td>\n<\/tr>\n<tr>\n<td width=\"100%\" height=\"20\"><a href=\"http:\/\/www.negar-afghanwomen.org\/index.php?option=com_weblinks&amp;task=view&amp;catid=2&amp;id=6\" target=\"_blank\" rel=\"noopener\">Femmes Solidaires&nbsp;<\/a><\/td>\n<\/tr>\n<tr bgcolor=\"#e3e3e3\">\n<td width=\"100%\" height=\"20\"><a href=\"http:\/\/www.negar-afghanwomen.org\/index.php?option=com_weblinks&amp;task=view&amp;catid=2&amp;id=2\" target=\"_blank\" rel=\"noopener\">Solidarit\u00e9 La\u00efque&nbsp;<\/a><br \/>\nCampagne \u00ab\u00a0Lib\u00e9rer le savoir!\u00a0\u00bb organis\u00e9e par les syndicats enseignants fran\u00e7ais au profit de l&rsquo;association Negar, soutenue par Solidarit\u00e9 La\u00efque.<\/td>\n<\/tr>\n<tr>\n<td width=\"100%\" height=\"20\"><a href=\"http:\/\/www.negar-afghanwomen.org\/index.php?option=com_weblinks&amp;task=view&amp;catid=2&amp;id=4\" target=\"_blank\" rel=\"noopener\">National Endowment for democracy&nbsp;<\/a><br \/>\nSupporting freedom around the world<\/td>\n<\/tr>\n<\/tbody>\n<\/table>\n","protected":false},"excerpt":{"rendered":"<p>Caisse Centrale d&rsquo;Activit\u00e9s Sociales du Personnel des Industries Electrique et Gazi\u00e8re&nbsp; 8 rue de Rosny, 93104 MONTREUIL CEDEX Minist\u00e8re de l&rsquo;Education Nationale&nbsp; Formation professionnelle, particuli\u00e8rement des jeunes filles et des jeunes femmes : En liaison avec les associations franco-afghanes telles que Afrane, Negar, Afghanistan libre Minist\u00e8re des Affaires Etrang\u00e8res&nbsp; CNIDFF&nbsp; R\u00e9seau fran\u00e7ais des centres d&rsquo;informations [&hellip;]<\/p>\n","protected":false},"author":2,"featured_media":0,"parent":40,"menu_order":0,"comment_status":"closed","ping_status":"closed","template":"elementor_header_footer","meta":{"ngg_post_thumbnail":0,"footnotes":""},"class_list":["post-57","page","type-page","status-publish","hentry"],"blocksy_meta":[],"_links":{"self":[{"href":"https:\/\/www.negar-afghanwomen.org\/2\/wp-json\/wp\/v2\/pages\/57","targetHints":{"allow":["GET"]}}],"collection":[{"href":"https:\/\/www.negar-afghanwomen.org\/2\/wp-json\/wp\/v2\/pages"}],"about":[{"href":"https:\/\/www.negar-afghanwomen.org\/2\/wp-json\/wp\/v2\/types\/page"}],"author":[{"embeddable":true,"href":"https:\/\/www.negar-afghanwomen.org\/2\/wp-json\/wp\/v2\/users\/2"}],"replies":[{"embeddable":true,"href":"https:\/\/www.negar-afghanwomen.org\/2\/wp-json\/wp\/v2\/comments?post=57"}],"version-history":[{"count":0,"href":"https:\/\/www.negar-afghanwomen.org\/2\/wp-json\/wp\/v2\/pages\/57\/revisions"}],"up":[{"embeddable":true,"href":"https:\/\/www.negar-afghanwomen.org\/2\/wp-json\/wp\/v2\/pages\/40"}],"wp:attachment":[{"href":"https:\/\/www.negar-afghanwomen.org\/2\/wp-json\/wp\/v2\/media?parent=57"}],"curies":[{"name":"wp","href":"https:\/\/api.w.org\/{rel}","templated":true}]}}

<table width="100%" cellspacing="0" cellpadding="0" border="0">
<colgroup>
<col width="256*"/> </colgroup>
<tbody>
<tr bgcolor="#e3e3e3">
<td width="100%" height="20"><a href="http://www.negar-afghanwomen.org/index.php?option=com_weblinks&amp;task=view&amp;catid=2&amp;id=9" target="_blank" rel="noopener">Caisse Centrale d&rsquo;Activités Sociales du Personnel des Industries Electrique et Gazière&nbsp;</a><br />
8 rue de Rosny, 93104 MONTREUIL CEDEX</td>
</tr>
<tr>
<td width="100%" height="20"><a href="http://www.negar-afghanwomen.org/index.php?option=com_weblinks&amp;task=view&amp;catid=2&amp;id=3" target="_blank" rel="noopener">Ministère de l&rsquo;Education Nationale&nbsp;</a><br />
Formation professionnelle, particulièrement des jeunes filles et des jeunes femmes : En liaison avec les associations franco-afghanes telles que Afrane, Negar, Afghanistan libre</td>
</tr>
<tr bgcolor="#e3e3e3">
<td width="100%" height="20"><a href="http://www.negar-afghanwomen.org/index.php?option=com_weblinks&amp;task=view&amp;catid=2&amp;id=5" target="_blank" rel="noopener">Ministère des Affaires Etrangères&nbsp;</a></td>
</tr>
<tr>
<td width="100%" height="20"><a href="http://www.negar-afghanwomen.org/index.php?option=com_weblinks&amp;task=view&amp;catid=2&amp;id=8" target="_blank" rel="noopener">CNIDFF&nbsp;</a><br />
Réseau français des centres d&rsquo;informations sur les droits des femmes</td>
</tr>
<tr bgcolor="#e3e3e3">
<td width="100%" height="20"><a href="http://www.negar-afghanwomen.org/index.php?option=com_weblinks&amp;task=view&amp;catid=2&amp;id=7" target="_blank" rel="noopener">CADAC&nbsp;</a><br />
Coordination des associations pour le droit à l&rsquo;avortement et à la contraception</td>
</tr>
<tr>
<td width="100%" height="20"><a href="http://www.negar-afghanwomen.org/index.php?option=com_weblinks&amp;task=view&amp;catid=2&amp;id=6" target="_blank" rel="noopener">Femmes Solidaires&nbsp;</a></td>
</tr>
<tr bgcolor="#e3e3e3">
<td width="100%" height="20"><a href="http://www.negar-afghanwomen.org/index.php?option=com_weblinks&amp;task=view&amp;catid=2&amp;id=2" target="_blank" rel="noopener">Solidarité Laïque&nbsp;</a><br />
Campagne « Libérer le savoir! » organisée par les syndicats enseignants français au profit de l&rsquo;association Negar, soutenue par Solidarité Laïque.</td>
</tr>
<tr>
<td width="100%" height="20"><a href="http://www.negar-afghanwomen.org/index.php?option=com_weblinks&amp;task=view&amp;catid=2&amp;id=4" target="_blank" rel="noopener">National Endowment for democracy&nbsp;</a><br />
Supporting freedom around the world</td>
</tr>
</tbody>
</table>

<p>Caisse Centrale d&rsquo;Activités Sociales du Personnel des Industries Electrique et Gazière&nbsp; 8 rue de Rosny, 93104 MONTREUIL CEDEX Ministère de l&rsquo;Education Nationale&nbsp; Formation professionnelle, particulièrement des jeunes filles et des jeunes femmes : En liaison avec les associations franco-afghanes telles que Afrane, Negar, Afghanistan libre Ministère des Affaires Etrangères&nbsp; CNIDFF&nbsp; Réseau français des centres d&rsquo;informations [&hellip;]</p>
