{"id":60,"date":"2013-04-11T18:52:15","date_gmt":"2013-04-11T16:52:15","guid":{"rendered":"http:\/\/www.negar-afghanwomen.org\/2\/?page_id=60"},"modified":"2024-05-14T21:41:41","modified_gmt":"2024-05-14T19:41:41","slug":"histoire-des-femmes-dafghanistan","status":"publish","type":"page","link":"https:\/\/www.negar-afghanwomen.org\/2\/40-2\/histoire-des-femmes-dafghanistan\/","title":{"rendered":"Histoire des femmes d&rsquo;Afghanistan"},"content":{"rendered":"<p><\/p>\n<p><\/p>\n<p><\/p>\n<h1 class=\"wp-block-heading\" style=\"text-align: center;\">\u00a0<\/h1>\n<h1 style=\"text-align: center;\"><strong>Pr\u00e9cis historique sur la condition des femmes en Afghanistan<\/strong><\/h1>\n\u00a0\n\u00a0\n<p><\/p>\n<p><\/p>\n<figure><img decoding=\"async\" src=\"https:\/\/www.negar-afghanwomen.org\/2\/wp-content\/uploads\/2013\/04\/histoire.jpg\" alt=\"histoire\" \/><\/figure>\n<p><\/p>\n<p><\/p>\n<p>Dates marquantes dans la vie des femmes d&rsquo;Afghanistan au XX\u00b0 si\u00e8cle<br \/>L&rsquo;Afghanistan est un pays \u00e0 90% rural, \u00e0 la g\u00e9ographie physique tr\u00e8s contrast\u00e9e ; situ\u00e9 \u00e0 un carrefour de civilisations, aryenne, gr\u00e9co-bactrienne, bouddhique&#8230;avant de devenir petit \u00e0 petit musulman \u00e0 98%, les derni\u00e8res r\u00e9gions converties \u00e0 l&rsquo;Islam l&rsquo;ayant \u00e9t\u00e9 au d\u00e9but du XX\u00e8me si\u00e8cle, il fut au cours des si\u00e8cles le centre de plusieurs grandes dynasties de l&rsquo;Asie centrale.<\/p>\n<p>\u00a0<\/p>\n<p><\/p>\n<p><\/p>\n<p>L&rsquo;Afghanistan est un pays \u00e0\u00a0<strong>90%<\/strong>\u00a0rural, \u00e0 la g\u00e9ographie physique tr\u00e8s contrast\u00e9e ; situ\u00e9 \u00e0 un carrefour de civilisations, aryenne,\u00a0 gr\u00e9co-bactrienne, bouddhique&#8230;avant de devenir petit \u00e0 petit musulman \u00e0 98%, les derni\u00e8res r\u00e9gions converties \u00e0 l&rsquo;Islam l&rsquo;ayant \u00e9t\u00e9 au d\u00e9but du XX\u00e8me si\u00e8cle, il fut au cours des si\u00e8cles le centre de\u00a0 plusieurs grandes dynasties de l&rsquo;Asie centrale.<br \/>Ses habitants sont de culture rurale turque, mongole, tadjike, persane, pachtoune nomade r\u00e9cemment s\u00e9dentaris\u00e9e, et citadine depuis plusieurs mill\u00e9naires. La langue v\u00e9hiculaire de toutes les ethnies est le persan-dari qui est aussi la langue du savoir, de l&rsquo;administration et du bazar ; la deuxi\u00e8me langue officielle du pays est le pachtou, parl\u00e9 par les populations du sud.<\/p>\n<p>\u00a0<\/p>\n<p><\/p>\n<p><\/p>\n<p>L&rsquo;\u00e9mancipation des femmes de mani\u00e8re moderne a commenc\u00e9 dans les ann\u00e9es\u00a0\u00a0\u00a0\u00a0\u00a0\u00a0 vingt avec l&rsquo;av\u00e8nement du Roi Amanullah. Mais un livre de biographies de femmes du XIX\u00b0 si\u00e8cle, \u00e9crit par Mme.Maga au d\u00e9but du XX\u00b0si\u00e8cle, cite les noms d&rsquo;innombrables femmes savantes dans diff\u00e9rents domaines, po\u00e9sie, calligraphie, musique&#8230; issues des \u00e9coles traditionnelles priv\u00e9es ou \u00e9duqu\u00e9es par des pr\u00e9cepteurs priv\u00e9s, dont certaines sont\u00a0 devenues ensuite membres des associations f\u00e9minines et professeurs dans les \u00e9coles de filles.<\/p>\n<p>\u00a0<\/p>\n<p><\/p>\n<p><\/p>\n<p>&#8211;\u00a0<strong>1919<\/strong>\u00a0: D\u00e8s l&rsquo;ind\u00e9pendance, autour du jeune roi Amanullah, la 1\u00e8re association f\u00e9minine de soutien aux femmes afghanes, \u00ab Eteh\u00e2diay\u00e9-Em\u00e2yat-i-Zanan \u00bb compte environ 50 membres.<br \/>Plus tard , Madame Cobra constitue un comit\u00e9 qui porte son nom,<br \/>\u00ab Comit\u00e9-y\u00e9-Cobra \u00bb, comit\u00e9 d&rsquo;\u00e9mancipation des femmes, qui<br \/>rassemble 22 membres.<\/p>\n<p><\/p>\n<p><\/p>\n<p>1\u00e8re \u00e9cole moderne de filles \u00ab Mastourat \u00bb ; d\u00e9marrant avec 50 \u00e9l\u00e8ves, elle passera peu apr\u00e8s \u00e0 800 \u00e9l\u00e8ves.<br \/>Participation des femmes dans la sph\u00e8re industrielle comme<br \/>ouvri\u00e8res ou directrices d&rsquo;usine.<\/p>\n<p><\/p>\n<p><\/p>\n<p>&#8211;\u00a0<strong>1921 :<\/strong>\u00a0-1er magazine hebdomadaire f\u00e9minin \u00ab Ershad-e-Naswan \u00bb qui d\u00e9pendait de l&rsquo;Association de Soutien aux femmes d&rsquo;Afghanistan ; il soulevait les probl\u00e8mes des femmes de l&rsquo;\u00e9poque, encourageait leur participation dans la sph\u00e8re publique et politique, et donnait les nouvelles f\u00e9minines au niveau international.<br \/>-Cr\u00e9ation du 1\u00b0 h\u00f4pital pour les femmes, une maternit\u00e9, et de la 1\u00b0<br \/>\u00e9cole d&rsquo;infirmi\u00e8res et de sages-femmes.<\/p>\n<p><\/p>\n<p><\/p>\n<p>&#8211;\u00a0<strong>1923 :<\/strong>\u00a0 1\u00e8re femmes \u00e9lues \u00e0 la \u00ab Majless-i-Bozorg \u00bb (Assembl\u00e9e Nationale) qui comprendra 12 femmes.<\/p>\n<p><\/p>\n<p><\/p>\n<p>&#8211;\u00a0<strong>\u00a01924<\/strong>\u00a0: R\u00e9volte des religieux r\u00e9trogrades contre l&rsquo;\u00e9mancipation des femmes et leur volont\u00e9 de porter des v\u00eatements plus modernes . Le port du voile ou du chadri restait un probl\u00e8me au sein des associations ; pourtant son obligation n&rsquo;est cit\u00e9e nulle part.<br \/>La r\u00e9volte est mat\u00e9e par l&rsquo;\u00e9tat.<\/p>\n<p><\/p>\n<p><\/p>\n<p>&#8211;\u00a0<strong>1928<\/strong>\u00a0:-R\u00e9formes gouvernementales .<br \/>Concernant la demande d&rsquo;\u00e9mancipation des femmes :\u00a0 libert\u00e9 vestimentaire,\u00a0 libert\u00e9 de mouvement.<br \/>L&rsquo;\u00e2ge du mariage \u00e9tait fix\u00e9 \u00e0 18 ans minimum, la polygamie et le mariage temporaire interdit.<br \/>Ouverture d&rsquo;\u00e9coles modernes dans tous les d\u00e9partements, scolarisation obligatoire pour les gar\u00e7ons et les filles.<\/p>\n<p><\/p>\n<p><\/p>\n<p>&#8211; Les 1\u00e8re bacheli\u00e8res partent en Turquie faire leurs \u00e9tudes sup\u00e9rieures.<\/p>\n<p><\/p>\n<p><\/p>\n<p>&#8211;<strong>\u00a01929<\/strong>\u00a0: Les Anglais consid\u00e9rant le Roi Amamullah comme une menace contre leurs int\u00e9r\u00eats dans la r\u00e9gion, encouragent la r\u00e9volte<br \/>de religieux oppos\u00e9s \u00e0 la transformation trop rapide de la soci\u00e9t\u00e9, en manipulant la r\u00e9volte d&rsquo;un opposant du nom d&rsquo;Habibullah, ce qui aboutit \u00e0 la chute du roi Amanullah.<br \/>L&rsquo;espace public conquis par les femmes est alors stopp\u00e9, avant d&rsquo;\u00eatre r\u00e9occup\u00e9 petit \u00e0 petit<\/p>\n<p><\/p>\n<p><\/p>\n<p>&#8211;\u00a0<strong>1931<\/strong>\u00a0: Une \u00e9cole de filles est r\u00e9ouverte \u00e0 l&rsquo;int\u00e9rieur du palais royal<\/p>\n<p><\/p>\n<p><\/p>\n<p>&#8211;\u00a0<strong>1933\u00a0<\/strong>: R\u00e9ouverture officielle de l&rsquo;\u00e9cole de filles \u00ab Mastourat \u00bb par le minist\u00e8re de la sant\u00e9 publique, dans le but de former des<br \/>infirmi\u00e8res.<br \/>Pour apaiser les\u00a0 religieux, les \u00e9l\u00e8ves s&rsquo;y rendent voil\u00e9es du chadri.<\/p>\n<p><\/p>\n<p><\/p>\n<p>&#8211;<strong>\u00a01934<\/strong>\u00a0: Ouverture du lyc\u00e9e de filles \u00ab Anderabi \u00bb \u00e0 l&rsquo;origine des futurs lyc\u00e9es Malalai et Zarghouna. A partir de cette date, les lyc\u00e9es de filles se multiplient dans la capitale et les villes de province.<br \/>&#8211;\u00a0<strong>1947<\/strong>\u00a0: Ouverture de l&rsquo;Universit\u00e9 aux filles.<\/p>\n<p><\/p>\n<p><\/p>\n<p>&#8211;\u00a0<strong>1959<\/strong>\u00a0: Proclamation de l&rsquo;\u00e9mancipation des femmes ; officiellement, elles ont le droit de ne pas porter le voile ou le chadri, bien qu&rsquo;aucun\u00a0d\u00e9cret n&rsquo;ait jamais impos\u00e9 le port du voile ou du chadri. Quiconque contraignait une femme \u00e0 porter ou non le voile \u00e9tait punissable par la loi.<\/p>\n<p><\/p>\n<p><\/p>\n<p>&#8211;<strong>1963 :<\/strong>\u00a0En pr\u00e9paration \u00e0 l&rsquo;av\u00e8nement de la monarchie constitutionnelle, 6 femmes participent \u00e0 la r\u00e9daction de la constitution.<\/p>\n<p><\/p>\n<p><\/p>\n<p>&#8211;<strong>1964<\/strong>\u00a0: La 1\u00b0 Constitution de l&rsquo;Afghanistan rend la Monarchie\u00a0 Constitutionnelle :<br \/>-Droit de vote pour hommes et femmes<br \/>-Quatre femmes \u00e9lues au suffrage universel \u00e0 la 1\u00b0 Assembl\u00e9e Nationale<br \/>-Egalit\u00e9 des hommes et des femmes devant la loi<br \/>-Scolarisation obligatoire pour tous les enfants, filles et gar\u00e7ons<br \/>(Multiplication des \u00e9coles et lyc\u00e9es dans chaque d\u00e9partement. Mais jusque dans les ann\u00e9es 1980, par manque de moyens et aussi de<br \/>volont\u00e9 politique, cet article est rest\u00e9 loin d&rsquo;\u00eatre appliqu\u00e9 sur la totalit\u00e9 du territoire)<\/p>\n<p><\/p>\n<p><\/p>\n<p>&#8211;<strong>\u00a01965<\/strong>\u00a0: 1\u00e8re femme Ministre au Minist\u00e8re de la Sant\u00e9<br \/>&#8211;<strong>1978<\/strong>\u00a0marque l&rsquo;arriv\u00e9e d&rsquo;un gouvernement pro-sovi\u00e9tique, et fin 1979 l&rsquo;Arm\u00e9e rouge envahit l&rsquo;Afghanistan. Les 20 ann\u00e9es de guerre qui suivront<br \/>transformeront la soci\u00e9t\u00e9 afghane dans son ensemble, et l&rsquo;\u00e9volution des femmes en particulier.<\/p>\n<p><\/p>\n<p><\/p>\n<p>De 1979 au retrait de l&rsquo;arm\u00e9e rouge en 1989, 70% du territoire est d\u00e9truit, 5 millions d&rsquo;habitants sont r\u00e9fugi\u00e9s \u00e0 l&rsquo;\u00e9tranger, la totalit\u00e9 de la population est d\u00e9plac\u00e9e \u00e0 l&rsquo;int\u00e9rieur, le pays est enti\u00e8rement min\u00e9.<br \/>L&rsquo;ins\u00e9curit\u00e9, les dangers dus \u00e0 la guerre et la mont\u00e9e de l&rsquo;islamisme d\u00f9 \u00e0 une volont\u00e9 politique\u00a0 de la part des pays occidentaux ou \u00e0 la difficult\u00e9 de la vie quotidienne, ont \u00e9norm\u00e9ment limit\u00e9 la libert\u00e9 des femmes, et pour la premi\u00e8re fois le port du chadri appara\u00eet dans les zones rurales.<\/p>\n<p><\/p>\n<p><\/p>\n<p>A la m\u00eame \u00e9poque, les villes sous contr\u00f4le du gouvernement pro-sovi\u00e9tique connaissent un essor diff\u00e9rent. Le nombre de citadins double, le pourcentage des femmes augmente avec la mort, l&rsquo;exil, et la conscription obligatoire des hommes ; de plus, le syst\u00e8me de gouvernement d\u00e9mocratique favorise l&rsquo;\u00e9mancipation des femmes dans tous les domaines, les femmes peuvent exercer tous les m\u00e9tiers, m\u00eame dans l&rsquo;arm\u00e9e.<\/p>\n<p><\/p>\n<p><\/p>\n<p>De 1992 \u00e0 1996, la dislocation de l&rsquo;URSS, et la prise de Kaboul par les Moudjahidins sont la cause d&rsquo;une guerre civile entre diff\u00e9rents groupes arm\u00e9s, soutenus par diff\u00e9rents pouvoirs \u00e9trangers, en particulier par le Pakistan. Les combats am\u00e8nent la fuite d&rsquo;une grande partie de la population de la capitale, et la limitation de la libert\u00e9 de ceux qui y restent.<br \/>Mais les femmes occupent toujours la majorit\u00e9 des emplois dans l&rsquo;\u00e9ducation, la sant\u00e9 et l&rsquo;administration, et ne subissent aucune limitation dans leurs domaines de travail.<br \/>L&rsquo;enseignement des filles et des gar\u00e7ons est encourag\u00e9. Malheureusement, Gulbudin Hekmatyar soutenu par le Pakistan continuait \u00e0 pilonner et \u00e0 d\u00e9truire Kaboul, sans r\u00e9ussir \u00e0 la conqu\u00e9rir. Il est alors l\u00e2ch\u00e9 par le Pakistan qui cr\u00e9e \u00e0 sa place une nouvelle force militaire sous le nom de \u00ab Talibans \u00bb, c&rsquo;est-\u00e0-dire\u00a0 \u00ab Etudiants en Religion \u00bb.<\/p>\n<p><\/p>\n<p><\/p>\n<p>\u00a0<\/p>\n<h3>Q<b>uelques photos d&rsquo;avant la guerre :<\/b><\/h3>\n<p><\/p>\n<p><\/p>\n<p>\u00a0<\/p>\n<p><\/p>\n<p><img decoding=\"async\" src=\"http:\/\/www.negar-afghanwomen.org\/images\/avantguerre\/femmes%20afghans%205.jpg\" alt=\"\" \/><\/p>\n<p><\/p>\n<p><\/p>\n<p>\u00a0<\/p>\n<p><\/p>\t\t\n\t\t\t<style>\/*! elementor-pro - v3.21.0 - 30-04-2024 *\/\n.elementor-gallery__container{min-height:1px}.elementor-gallery-item{position:relative;overflow:hidden;display:block;text-decoration:none;border:solid var(--image-border-width) var(--image-border-color);border-radius:var(--image-border-radius)}.elementor-gallery-item__content,.elementor-gallery-item__overlay{height:100%;width:100%;position:absolute;top:0;left:0}.elementor-gallery-item__overlay{mix-blend-mode:var(--overlay-mix-blend-mode);transition-duration:var(--overlay-transition-duration);transition-property:mix-blend-mode,transform,opacity,background-color}.elementor-gallery-item__image.e-gallery-image{transition-duration:var(--image-transition-duration);transition-property:filter,transform}.elementor-gallery-item__content{display:flex;flex-direction:column;justify-content:var(--content-justify-content,center);align-items:center;text-align:var(--content-text-align);padding:var(--content-padding)}.elementor-gallery-item__content>div{transition-duration:var(--content-transition-duration)}.elementor-gallery-item__content.elementor-gallery--sequenced-animation>div:nth-child(2){transition-delay:calc(var(--content-transition-delay) \/ 3)}.elementor-gallery-item__content.elementor-gallery--sequenced-animation>div:nth-child(3){transition-delay:calc(var(--content-transition-delay) \/ 3 * 2)}.elementor-gallery-item__content.elementor-gallery--sequenced-animation>div:nth-child(4){transition-delay:calc(var(--content-transition-delay) \/ 3 * 3)}.elementor-gallery-item__description{color:var(--description-text-color,#fff);width:100%}.elementor-gallery-item__title{color:var(--title-text-color,#fff);font-weight:700;width:100%}.elementor-gallery__titles-container{display:flex;flex-wrap:wrap;justify-content:var(--titles-container-justify-content,center);margin-bottom:20px}.elementor-gallery__titles-container:not(.e--pointer-framed) .elementor-item:after,.elementor-gallery__titles-container:not(.e--pointer-framed) .elementor-item:before{background-color:var(--galleries-pointer-bg-color-hover)}.elementor-gallery__titles-container:not(.e--pointer-framed) .elementor-item.elementor-item-active:after,.elementor-gallery__titles-container:not(.e--pointer-framed) .elementor-item.elementor-item-active:before{background-color:var(--galleries-pointer-bg-color-active)}.elementor-gallery__titles-container.e--pointer-framed .elementor-item:before{border-color:var(--galleries-pointer-bg-color-hover);border-width:var(--galleries-pointer-border-width)}.elementor-gallery__titles-container.e--pointer-framed .elementor-item:after{border-color:var(--galleries-pointer-bg-color-hover)}.elementor-gallery__titles-container.e--pointer-framed .elementor-item.elementor-item-active:after,.elementor-gallery__titles-container.e--pointer-framed .elementor-item.elementor-item-active:before{border-color:var(--galleries-pointer-bg-color-active)}.elementor-gallery__titles-container.e--pointer-framed.e--animation-draw .elementor-item:before{border-left-width:var(--galleries-pointer-border-width);border-bottom-width:var(--galleries-pointer-border-width);border-right-width:0;border-top-width:0}.elementor-gallery__titles-container.e--pointer-framed.e--animation-draw .elementor-item:after{border-left-width:0;border-bottom-width:0;border-right-width:var(--galleries-pointer-border-width);border-top-width:var(--galleries-pointer-border-width)}.elementor-gallery__titles-container.e--pointer-framed.e--animation-corners .elementor-item:before{border-left-width:var(--galleries-pointer-border-width);border-bottom-width:0;border-right-width:0;border-top-width:var(--galleries-pointer-border-width)}.elementor-gallery__titles-container.e--pointer-framed.e--animation-corners .elementor-item:after{border-left-width:0;border-bottom-width:var(--galleries-pointer-border-width);border-right-width:var(--galleries-pointer-border-width);border-top-width:0}.elementor-gallery__titles-container .e--pointer-double-line .elementor-item:after,.elementor-gallery__titles-container .e--pointer-double-line .elementor-item:before,.elementor-gallery__titles-container .e--pointer-overline .elementor-item:before,.elementor-gallery__titles-container .e--pointer-underline .elementor-item:after{height:var(--galleries-pointer-border-width)}.elementor-gallery-title{--space-between:10px;cursor:pointer;color:#6d7882;font-weight:500;position:relative;padding:7px 14px;transition:all .3s}.elementor-gallery-title--active{color:#495157}.elementor-gallery-title:not(:last-child){margin-inline-end:var(--space-between)}.elementor-gallery-item__title+.elementor-gallery-item__description{margin-top:var(--description-margin-top)}.e-gallery-item.elementor-gallery-item{transition-property:all}.e-gallery-item.elementor-animated-content .elementor-animated-item--enter-from-bottom,.e-gallery-item.elementor-animated-content .elementor-animated-item--enter-from-left,.e-gallery-item.elementor-animated-content .elementor-animated-item--enter-from-right,.e-gallery-item.elementor-animated-content .elementor-animated-item--enter-from-top,.e-gallery-item:focus .elementor-gallery__item-overlay-bg,.e-gallery-item:focus .elementor-gallery__item-overlay-content,.e-gallery-item:focus .elementor-gallery__item-overlay-content__description,.e-gallery-item:focus .elementor-gallery__item-overlay-content__title,.e-gallery-item:hover .elementor-gallery__item-overlay-bg,.e-gallery-item:hover .elementor-gallery__item-overlay-content,.e-gallery-item:hover .elementor-gallery__item-overlay-content__description,.e-gallery-item:hover .elementor-gallery__item-overlay-content__title{opacity:1}a.elementor-item.elementor-gallery-title{color:var(--galleries-title-color-normal)}a.elementor-item.elementor-gallery-title.elementor-item-active,a.elementor-item.elementor-gallery-title.highlighted,a.elementor-item.elementor-gallery-title:focus,a.elementor-item.elementor-gallery-title:hover{color:var(--galleries-title-color-hover)}a.elementor-item.elementor-gallery-title.elementor-item-active{color:var(--gallery-title-color-active)}.e-con-inner>.elementor-widget-gallery,.e-con>.elementor-widget-gallery{width:var(--container-widget-width);--flex-grow:var(--container-widget-flex-grow)}<\/style>\t\t\n\t\t\t\t\t\t\t<a href=\"https:\/\/www.negar-afghanwomen.org\/2\/wp-content\/uploads\/2024\/05\/1.jpg\" data-elementor-open-lightbox=\"yes\" data-elementor-lightbox-slideshow=\"bac393f\" data-elementor-lightbox-title=\"1\" data-e-action-hash=\"#elementor-action%3Aaction%3Dlightbox%26settings%3DeyJpZCI6MTYwNDMsInVybCI6Imh0dHBzOlwvXC93d3cubmVnYXItYWZnaGFud29tZW4ub3JnXC8yXC93cC1jb250ZW50XC91cGxvYWRzXC8yMDI0XC8wNVwvMS5qcGciLCJzbGlkZXNob3ciOiJiYWMzOTNmIn0%3D\">\n\t\t\t\t\t\t\t\t\t\t\t\t\t\t<\/a>\n\t\t\t\t\t\t\t<a href=\"https:\/\/www.negar-afghanwomen.org\/2\/wp-content\/uploads\/2024\/05\/2.jpg\" data-elementor-open-lightbox=\"yes\" data-elementor-lightbox-slideshow=\"bac393f\" data-elementor-lightbox-title=\"2\" data-e-action-hash=\"#elementor-action%3Aaction%3Dlightbox%26settings%3DeyJpZCI6MTYwNDQsInVybCI6Imh0dHBzOlwvXC93d3cubmVnYXItYWZnaGFud29tZW4ub3JnXC8yXC93cC1jb250ZW50XC91cGxvYWRzXC8yMDI0XC8wNVwvMi5qcGciLCJzbGlkZXNob3ciOiJiYWMzOTNmIn0%3D\">\n\t\t\t\t\t\t\t\t\t\t\t\t\t\t<\/a>\n\t\t\t\t\t\t\t<a href=\"https:\/\/www.negar-afghanwomen.org\/2\/wp-content\/uploads\/2024\/05\/3.jpg\" data-elementor-open-lightbox=\"yes\" data-elementor-lightbox-slideshow=\"bac393f\" data-elementor-lightbox-title=\"3\" data-e-action-hash=\"#elementor-action%3Aaction%3Dlightbox%26settings%3DeyJpZCI6MTYwNDUsInVybCI6Imh0dHBzOlwvXC93d3cubmVnYXItYWZnaGFud29tZW4ub3JnXC8yXC93cC1jb250ZW50XC91cGxvYWRzXC8yMDI0XC8wNVwvMy5qcGciLCJzbGlkZXNob3ciOiJiYWMzOTNmIn0%3D\">\n\t\t\t\t\t\t\t\t\t\t\t\t\t\t<\/a>\n\t\t\t\t\t\t\t<a href=\"https:\/\/www.negar-afghanwomen.org\/2\/wp-content\/uploads\/2024\/05\/4.jpg\" data-elementor-open-lightbox=\"yes\" data-elementor-lightbox-slideshow=\"bac393f\" data-elementor-lightbox-title=\"4\" data-e-action-hash=\"#elementor-action%3Aaction%3Dlightbox%26settings%3DeyJpZCI6MTYwNDYsInVybCI6Imh0dHBzOlwvXC93d3cubmVnYXItYWZnaGFud29tZW4ub3JnXC8yXC93cC1jb250ZW50XC91cGxvYWRzXC8yMDI0XC8wNVwvNC5qcGciLCJzbGlkZXNob3ciOiJiYWMzOTNmIn0%3D\">\n\t\t\t\t\t\t\t\t\t\t\t\t\t\t<\/a>\n\t\t\t\t\t\t\t<a href=\"https:\/\/www.negar-afghanwomen.org\/2\/wp-content\/uploads\/2024\/05\/5.jpg\" data-elementor-open-lightbox=\"yes\" data-elementor-lightbox-slideshow=\"bac393f\" data-elementor-lightbox-title=\"5\" data-e-action-hash=\"#elementor-action%3Aaction%3Dlightbox%26settings%3DeyJpZCI6MTYwNDcsInVybCI6Imh0dHBzOlwvXC93d3cubmVnYXItYWZnaGFud29tZW4ub3JnXC8yXC93cC1jb250ZW50XC91cGxvYWRzXC8yMDI0XC8wNVwvNS5qcGciLCJzbGlkZXNob3ciOiJiYWMzOTNmIn0%3D\">\n\t\t\t\t\t\t\t\t\t\t\t\t\t\t<\/a>\n\t\t\t\t\t\t\t<a href=\"https:\/\/www.negar-afghanwomen.org\/2\/wp-content\/uploads\/2024\/05\/6.jpg\" data-elementor-open-lightbox=\"yes\" data-elementor-lightbox-slideshow=\"bac393f\" data-elementor-lightbox-title=\"6\" data-e-action-hash=\"#elementor-action%3Aaction%3Dlightbox%26settings%3DeyJpZCI6MTYwNDgsInVybCI6Imh0dHBzOlwvXC93d3cubmVnYXItYWZnaGFud29tZW4ub3JnXC8yXC93cC1jb250ZW50XC91cGxvYWRzXC8yMDI0XC8wNVwvNi5qcGciLCJzbGlkZXNob3ciOiJiYWMzOTNmIn0%3D\">\n\t\t\t\t\t\t\t\t\t\t\t\t\t\t<\/a>\n\t\t\t\t\t\t\t<a href=\"https:\/\/www.negar-afghanwomen.org\/2\/wp-content\/uploads\/2024\/05\/7.jpg\" data-elementor-open-lightbox=\"yes\" data-elementor-lightbox-slideshow=\"bac393f\" data-elementor-lightbox-title=\"7\" data-e-action-hash=\"#elementor-action%3Aaction%3Dlightbox%26settings%3DeyJpZCI6MTYwNDksInVybCI6Imh0dHBzOlwvXC93d3cubmVnYXItYWZnaGFud29tZW4ub3JnXC8yXC93cC1jb250ZW50XC91cGxvYWRzXC8yMDI0XC8wNVwvNy5qcGciLCJzbGlkZXNob3ciOiJiYWMzOTNmIn0%3D\">\n\t\t\t\t\t\t\t\t\t\t\t\t\t\t<\/a>\n\t\t\t\t\t\t\t<a href=\"https:\/\/www.negar-afghanwomen.org\/2\/wp-content\/uploads\/2024\/05\/8.jpg\" data-elementor-open-lightbox=\"yes\" data-elementor-lightbox-slideshow=\"bac393f\" data-elementor-lightbox-title=\"8\" data-e-action-hash=\"#elementor-action%3Aaction%3Dlightbox%26settings%3DeyJpZCI6MTYwNTAsInVybCI6Imh0dHBzOlwvXC93d3cubmVnYXItYWZnaGFud29tZW4ub3JnXC8yXC93cC1jb250ZW50XC91cGxvYWRzXC8yMDI0XC8wNVwvOC5qcGciLCJzbGlkZXNob3ciOiJiYWMzOTNmIn0%3D\">\n\t\t\t\t\t\t\t\t\t\t\t\t\t\t<\/a>","protected":false},"excerpt":{"rendered":"<p>\u00a0 Pr\u00e9cis historique sur la condition des femmes en Afghanistan \u00a0 \u00a0 Dates marquantes dans la vie des femmes d&rsquo;Afghanistan au XX\u00b0 si\u00e8cleL&rsquo;Afghanistan est un pays \u00e0 90% rural, \u00e0 la g\u00e9ographie physique tr\u00e8s contrast\u00e9e ; situ\u00e9 \u00e0 un carrefour de civilisations, aryenne, gr\u00e9co-bactrienne, bouddhique&#8230;avant de devenir petit \u00e0 petit musulman \u00e0 98%, les derni\u00e8res [&hellip;]<\/p>\n","protected":false},"author":2,"featured_media":61,"parent":40,"menu_order":0,"comment_status":"closed","ping_status":"closed","template":"elementor_header_footer","meta":{"ngg_post_thumbnail":0,"footnotes":""},"class_list":["post-60","page","type-page","status-publish","has-post-thumbnail","hentry"],"blocksy_meta":[],"_links":{"self":[{"href":"https:\/\/www.negar-afghanwomen.org\/2\/wp-json\/wp\/v2\/pages\/60","targetHints":{"allow":["GET"]}}],"collection":[{"href":"https:\/\/www.negar-afghanwomen.org\/2\/wp-json\/wp\/v2\/pages"}],"about":[{"href":"https:\/\/www.negar-afghanwomen.org\/2\/wp-json\/wp\/v2\/types\/page"}],"author":[{"embeddable":true,"href":"https:\/\/www.negar-afghanwomen.org\/2\/wp-json\/wp\/v2\/users\/2"}],"replies":[{"embeddable":true,"href":"https:\/\/www.negar-afghanwomen.org\/2\/wp-json\/wp\/v2\/comments?post=60"}],"version-history":[{"count":9,"href":"https:\/\/www.negar-afghanwomen.org\/2\/wp-json\/wp\/v2\/pages\/60\/revisions"}],"predecessor-version":[{"id":16053,"href":"https:\/\/www.negar-afghanwomen.org\/2\/wp-json\/wp\/v2\/pages\/60\/revisions\/16053"}],"up":[{"embeddable":true,"href":"https:\/\/www.negar-afghanwomen.org\/2\/wp-json\/wp\/v2\/pages\/40"}],"wp:featuredmedia":[{"embeddable":true,"href":"https:\/\/www.negar-afghanwomen.org\/2\/wp-json\/wp\/v2\/media\/61"}],"wp:attachment":[{"href":"https:\/\/www.negar-afghanwomen.org\/2\/wp-json\/wp\/v2\/media?parent=60"}],"curies":[{"name":"wp","href":"https:\/\/api.w.org\/{rel}","templated":true}]}}